{"id":113,"date":"2021-08-23T17:34:03","date_gmt":"2021-08-23T15:34:03","guid":{"rendered":"http:\/\/spkrauszow.ugnowytarg.pl\/?page_id=113"},"modified":"2021-08-24T14:55:51","modified_gmt":"2021-08-24T12:55:51","slug":"historia","status":"publish","type":"page","link":"https:\/\/spkrauszow.ugnowytarg.pl\/index.php\/historia\/","title":{"rendered":"Historia"},"content":{"rendered":"<blockquote>\n<h2 style=\"text-align: center;\">Historia szko\u0142y<\/h2>\n<\/blockquote>\n<p>Szko\u0142a Podstawowa w Krauszowie powsta\u0142a na podstawie aktu organizacyjnego C.K. Rady Szkolnej we Lwowie z dnia 5 czerwca 1893 r. Budynek szkolny (tzw. stara szko\u0142a, obecnie ju\u017c rozebrana) zacz\u0119to stawia\u0107 w 1894 r. W tym czasie nauczycielem by\u0142 Franciszek Jankowski. Po\u015bwi\u0119cenia kamienia w\u0119gielnego pod budow\u0119 dokona\u0142 ks. proboszcz Piotr Krawczy\u0144ski z Lud\u017amierza w obecno\u015bci inspektora p. Edwarda Nowotnego, nauczyciela z Lud\u017amierza p. Stanis\u0142awa Jankowskiego, cz\u0142onk\u00f3w rady gminnej i ludno\u015bci.<\/p>\n<figure id=\"attachment_338\" aria-describedby=\"caption-attachment-338\" style=\"width: 300px\" class=\"wp-caption aligncenter\"><img decoding=\"async\" loading=\"lazy\" class=\"size-medium wp-image-338\" src=\"http:\/\/spkrauszow.ugnowytarg.pl\/wp-content\/uploads\/2021\/08\/Stara-szkola-widok-od-frontu-rok-1960-300x199.jpg\" alt=\"Stara szko\u0142a, widok od frontu, rok 1960\" width=\"300\" height=\"199\" srcset=\"https:\/\/spkrauszow.ugnowytarg.pl\/wp-content\/uploads\/2021\/08\/Stara-szkola-widok-od-frontu-rok-1960-300x199.jpg 300w, https:\/\/spkrauszow.ugnowytarg.pl\/wp-content\/uploads\/2021\/08\/Stara-szkola-widok-od-frontu-rok-1960-360x238.jpg 360w, https:\/\/spkrauszow.ugnowytarg.pl\/wp-content\/uploads\/2021\/08\/Stara-szkola-widok-od-frontu-rok-1960.jpg 600w\" sizes=\"(max-width: 300px) 100vw, 300px\" \/><figcaption id=\"caption-attachment-338\" class=\"wp-caption-text\">Stara szko\u0142a, widok od frontu, rok 1960<\/figcaption><\/figure>\n<hr \/>\n<p>Budynek szkolny wyko\u0144czono w nast\u0119pnym roku, tj. 1895. Szko\u0142a posiada\u0142a 2 sale lekcyjne oraz mieszkanie s\u0142u\u017cbowe kierownika szko\u0142y. By\u0142a szko\u0142\u0105 pi\u0119cioklasow\u0105 o dw\u00f3ch nauczycielach. Uczniowie klasy VI i VII ucz\u0119szczali do szko\u0142y zbiorczej w Lud\u017amierzu. Z dniem 3 lutego 1960 r. zosta\u0142 podniesiony stopie\u0144 organizacyjny szko\u0142y do siedmiu klas o 3 nauczycielach (W\u0142adys\u0142awa i Jan Majerscy, Maria Wojto\u0144).<\/p>\n<figure id=\"attachment_341\" aria-describedby=\"caption-attachment-341\" style=\"width: 300px\" class=\"wp-caption aligncenter\"><img decoding=\"async\" loading=\"lazy\" class=\"size-medium wp-image-341\" src=\"http:\/\/spkrauszow.ugnowytarg.pl\/wp-content\/uploads\/2021\/08\/Stara-szkola-widok-od-ogrodu-300x197.jpg\" alt=\"Szko\u0142a, widok od ogrodu i Czarnego Dunajca, rok 1960\" width=\"300\" height=\"197\" srcset=\"https:\/\/spkrauszow.ugnowytarg.pl\/wp-content\/uploads\/2021\/08\/Stara-szkola-widok-od-ogrodu-300x197.jpg 300w, https:\/\/spkrauszow.ugnowytarg.pl\/wp-content\/uploads\/2021\/08\/Stara-szkola-widok-od-ogrodu-360x236.jpg 360w, https:\/\/spkrauszow.ugnowytarg.pl\/wp-content\/uploads\/2021\/08\/Stara-szkola-widok-od-ogrodu.jpg 600w\" sizes=\"(max-width: 300px) 100vw, 300px\" \/><figcaption id=\"caption-attachment-341\" class=\"wp-caption-text\">Szko\u0142a, widok od ogrodu i Czarnego Dunajca, rok 1960<\/figcaption><\/figure>\n<hr \/>\n<p>W 1961 r. zostaje wynaj\u0119ta na wsi trzecia sala lekcyjna w domu prywatnym u p. W\u0142adys\u0142awa Sojki (wymiary 3m x 4,5 m). W 1962 r. zostaje wynaj\u0119ta czwarta izba lekcyjna u Ludwick\u00f3w, w starym jednoizbowym domu. 1 wrze\u015bnia 1966 r. zostaj\u0105 wynaj\u0119te trzy nowe sale u p. Kulaka Za Wod\u0105. S\u0105 to izby jasne i wygodne, przeznaczone dla klas I- IV. W szkolnictwie zachodz\u0105 zmiany. Powstaj\u0105 klasy \u00f3sme.<\/p>\n<figure id=\"attachment_347\" aria-describedby=\"caption-attachment-347\" style=\"width: 300px\" class=\"wp-caption aligncenter\"><img decoding=\"async\" loading=\"lazy\" class=\"size-medium wp-image-347\" src=\"http:\/\/spkrauszow.ugnowytarg.pl\/wp-content\/uploads\/2021\/08\/Wynajeta-izba-u-Kaski-300x196.jpg\" alt=\"Sala lekcyjna \u201eU Ka\u015bki\u201d (tam, gdzie jest otwarte okno), rok 1961\" width=\"300\" height=\"196\" srcset=\"https:\/\/spkrauszow.ugnowytarg.pl\/wp-content\/uploads\/2021\/08\/Wynajeta-izba-u-Kaski-300x196.jpg 300w, https:\/\/spkrauszow.ugnowytarg.pl\/wp-content\/uploads\/2021\/08\/Wynajeta-izba-u-Kaski-360x235.jpg 360w, https:\/\/spkrauszow.ugnowytarg.pl\/wp-content\/uploads\/2021\/08\/Wynajeta-izba-u-Kaski.jpg 600w\" sizes=\"(max-width: 300px) 100vw, 300px\" \/><figcaption id=\"caption-attachment-347\" class=\"wp-caption-text\">Sala lekcyjna \u201eU Ka\u015bki\u201d (tam, gdzie jest otwarte okno), rok 1961<\/figcaption><\/figure>\n<hr \/>\n<p>W roku szkolnym 1967\/68 odby\u0142o si\u0119 walne zebranie mieszka\u0144c\u00f3w w sprawie budowy nowej szko\u0142y. Dotychczasowy budynek szkolny by\u0142 bardzo stary i wymaga\u0142 kapitalnego remontu. Nadal trzeba by\u0142o wynajmowa\u0107 izby u Kulaka Za Wod\u0105. Na zebraniu wybrano Komitet Budowy Szko\u0142y. Mieszka\u0144cy Krauszowa zobowi\u0105zali si\u0119 wykona\u0107\u00a0 szereg prac. We wrze\u015bniu 1968 r. przyjecha\u0142a Komisja, aby rozpatrzy\u0107 budow\u0119 lub rozbudow\u0119 szko\u0142y. Postanowiono budowa\u0107 now\u0105 szko\u0142\u0119 z drugiej strony drogi, naprzeciw obecnej.<\/p>\n<hr \/>\n<p>5 wrze\u015bnia 1971 r. nast\u0119puje uroczyste oddanie nowego budynku szkolnego. Budynek \u201estarej szko\u0142y\u201d zostaje rozebrany w kwietniu 2005 r., a parcela sprzedana.<\/p>\n<figure id=\"attachment_356\" aria-describedby=\"caption-attachment-356\" style=\"width: 300px\" class=\"wp-caption aligncenter\"><img decoding=\"async\" loading=\"lazy\" class=\"size-medium wp-image-356\" src=\"http:\/\/spkrauszow.ugnowytarg.pl\/wp-content\/uploads\/2021\/08\/Nowa-szkola-rk-1970-300x201.jpg\" alt=\"Nowa szko\u0142a, rok 1971\" width=\"300\" height=\"201\" srcset=\"https:\/\/spkrauszow.ugnowytarg.pl\/wp-content\/uploads\/2021\/08\/Nowa-szkola-rk-1970-300x201.jpg 300w, https:\/\/spkrauszow.ugnowytarg.pl\/wp-content\/uploads\/2021\/08\/Nowa-szkola-rk-1970-360x241.jpg 360w, https:\/\/spkrauszow.ugnowytarg.pl\/wp-content\/uploads\/2021\/08\/Nowa-szkola-rk-1970.jpg 600w\" sizes=\"(max-width: 300px) 100vw, 300px\" \/><figcaption id=\"caption-attachment-356\" class=\"wp-caption-text\">Nowa szko\u0142a, rok 1971<\/figcaption><\/figure>\n<hr \/>\n<p>4 czerwca 2013 r. w 120 rocznic\u0119 za\u0142o\u017cenia szko\u0142a uzyska\u0142a imi\u0119 \u015bw. Stanis\u0142awa Kostki i wzbogaci\u0142a si\u0119 o sztandar. Poszukiwania patrona trwa\u0142y od lat. W dokumentach archiwalnych znaleziono zapis, z kt\u00f3rego wynika\u0142o, \u017ce na prze\u0142omie lat 20 i 30 ubieg\u0142ego wieku szkole patronowa\u0142 \u015bw. Stanis\u0142aw Kostka.<\/p>\n<figure id=\"attachment_367\" aria-describedby=\"caption-attachment-367\" style=\"width: 300px\" class=\"wp-caption aligncenter\"><img decoding=\"async\" loading=\"lazy\" class=\"size-medium wp-image-367\" src=\"http:\/\/spkrauszow.ugnowytarg.pl\/wp-content\/uploads\/2021\/08\/126-IMG_0836-300x200.jpg\" alt=\"Nadanie imienia, rok 2013\" width=\"300\" height=\"200\" srcset=\"https:\/\/spkrauszow.ugnowytarg.pl\/wp-content\/uploads\/2021\/08\/126-IMG_0836-300x200.jpg 300w, https:\/\/spkrauszow.ugnowytarg.pl\/wp-content\/uploads\/2021\/08\/126-IMG_0836-768x512.jpg 768w, https:\/\/spkrauszow.ugnowytarg.pl\/wp-content\/uploads\/2021\/08\/126-IMG_0836-360x240.jpg 360w, https:\/\/spkrauszow.ugnowytarg.pl\/wp-content\/uploads\/2021\/08\/126-IMG_0836.jpg 800w\" sizes=\"(max-width: 300px) 100vw, 300px\" \/><figcaption id=\"caption-attachment-367\" class=\"wp-caption-text\">Nadanie imienia, rok 2013<\/figcaption><\/figure>\n<hr \/>\n<p>27 kwietnia 2018 r. ruszy\u0142a planowana rozbudowa szko\u0142y. Na miejscu placu zabaw i boiska do koszyk\u00f3wki zosta\u0142a wybudowana sala gimnastyczna wraz z dodatkowymi salami lekcyjnymi. 3 grudnia 2019 r. nast\u0105pi\u0142o uroczyste oddanie do u\u017cytku i po\u015bwi\u0119cenie sali gimnastycznej.<\/p>\n<figure id=\"attachment_375\" aria-describedby=\"caption-attachment-375\" style=\"width: 300px\" class=\"wp-caption aligncenter\"><img decoding=\"async\" loading=\"lazy\" class=\"size-medium wp-image-375\" src=\"http:\/\/spkrauszow.ugnowytarg.pl\/wp-content\/uploads\/2021\/08\/IMG_9205-300x200.jpg\" alt=\"Nowe skrzyd\u0142o szko\u0142y, rok 2019\" width=\"300\" height=\"200\" srcset=\"https:\/\/spkrauszow.ugnowytarg.pl\/wp-content\/uploads\/2021\/08\/IMG_9205-300x200.jpg 300w, https:\/\/spkrauszow.ugnowytarg.pl\/wp-content\/uploads\/2021\/08\/IMG_9205-1024x683.jpg 1024w, https:\/\/spkrauszow.ugnowytarg.pl\/wp-content\/uploads\/2021\/08\/IMG_9205-768x512.jpg 768w, https:\/\/spkrauszow.ugnowytarg.pl\/wp-content\/uploads\/2021\/08\/IMG_9205-1536x1024.jpg 1536w, https:\/\/spkrauszow.ugnowytarg.pl\/wp-content\/uploads\/2021\/08\/IMG_9205-2048x1365.jpg 2048w, https:\/\/spkrauszow.ugnowytarg.pl\/wp-content\/uploads\/2021\/08\/IMG_9205-360x240.jpg 360w\" sizes=\"(max-width: 300px) 100vw, 300px\" \/><figcaption id=\"caption-attachment-375\" class=\"wp-caption-text\">Nowe skrzyd\u0142o szko\u0142y, rok 2019<\/figcaption><\/figure>\n<p>&nbsp;<\/p>\n<blockquote>\n<h2 style=\"text-align: center;\"><strong>Filmowa kr\u00f3tka historia szko\u0142y<\/strong><\/h2>\n<\/blockquote>\n<p><center><iframe loading=\"lazy\" title=\"YouTube video player\" src=\"https:\/\/www.youtube.com\/embed\/nf-zYHa6FBw\" width=\"495\" height=\"371\" frameborder=\"0\" allowfullscreen=\"allowfullscreen\"><\/iframe><\/center><\/p>\n","protected":false},"excerpt":{"rendered":"<p>Historia szko\u0142y Szko\u0142a Podstawowa w Krauszowie powsta\u0142a na podstawie aktu organizacyjnego C.K. Rady Szkolnej we Lwowie z dnia 5 czerwca 1893 r. Budynek szkolny (tzw. stara szko\u0142a, obecnie ju\u017c rozebrana) zacz\u0119to stawia\u0107 w 1894 r. W tym czasie nauczycielem by\u0142 <a href=\"https:\/\/spkrauszow.ugnowytarg.pl\/index.php\/historia\/\" class=\"read-more\">Czytaj wi\u0119cej &#8230;<\/a><\/p>\n","protected":false},"author":1,"featured_media":0,"parent":0,"menu_order":0,"comment_status":"closed","ping_status":"closed","template":"","meta":[],"yoast_head":"<!-- This site is optimized with the Yoast SEO plugin v20.4 - https:\/\/yoast.com\/wordpress\/plugins\/seo\/ -->\n<title>Historia - SP KRAUSZ\u00d3W<\/title>\n<meta name=\"robots\" content=\"index, follow, max-snippet:-1, max-image-preview:large, max-video-preview:-1\" \/>\n<link rel=\"canonical\" href=\"https:\/\/spkrauszow.ugnowytarg.pl\/index.php\/historia\/\" \/>\n<meta property=\"og:locale\" content=\"pl_PL\" \/>\n<meta property=\"og:type\" content=\"article\" \/>\n<meta property=\"og:title\" content=\"Historia - SP KRAUSZ\u00d3W\" \/>\n<meta property=\"og:description\" content=\"Historia szko\u0142y Szko\u0142a Podstawowa w Krauszowie powsta\u0142a na podstawie aktu organizacyjnego C.K. Rady Szkolnej we Lwowie z dnia 5 czerwca 1893 r. Budynek szkolny (tzw. stara szko\u0142a, obecnie ju\u017c rozebrana) zacz\u0119to stawia\u0107 w 1894 r. W tym czasie nauczycielem by\u0142 Czytaj wi\u0119cej ...\" \/>\n<meta property=\"og:url\" content=\"https:\/\/spkrauszow.ugnowytarg.pl\/index.php\/historia\/\" \/>\n<meta property=\"og:site_name\" content=\"SP KRAUSZ\u00d3W\" \/>\n<meta property=\"article:modified_time\" content=\"2021-08-24T12:55:51+00:00\" \/>\n<meta property=\"og:image\" content=\"http:\/\/spkrauszow.ugnowytarg.pl\/wp-content\/uploads\/2021\/08\/Stara-szkola-widok-od-frontu-rok-1960-300x199.jpg\" \/>\n<meta name=\"twitter:card\" content=\"summary_large_image\" \/>\n<meta name=\"twitter:label1\" content=\"Szacowany czas czytania\" \/>\n\t<meta name=\"twitter:data1\" content=\"4 minuty\" \/>\n<script type=\"application\/ld+json\" class=\"yoast-schema-graph\">{\"@context\":\"https:\/\/schema.org\",\"@graph\":[{\"@type\":\"WebPage\",\"@id\":\"https:\/\/spkrauszow.ugnowytarg.pl\/index.php\/historia\/\",\"url\":\"https:\/\/spkrauszow.ugnowytarg.pl\/index.php\/historia\/\",\"name\":\"Historia - SP KRAUSZ\u00d3W\",\"isPartOf\":{\"@id\":\"https:\/\/spkrauszow.ugnowytarg.pl\/#website\"},\"datePublished\":\"2021-08-23T15:34:03+00:00\",\"dateModified\":\"2021-08-24T12:55:51+00:00\",\"breadcrumb\":{\"@id\":\"https:\/\/spkrauszow.ugnowytarg.pl\/index.php\/historia\/#breadcrumb\"},\"inLanguage\":\"pl-PL\",\"potentialAction\":[{\"@type\":\"ReadAction\",\"target\":[\"https:\/\/spkrauszow.ugnowytarg.pl\/index.php\/historia\/\"]}]},{\"@type\":\"BreadcrumbList\",\"@id\":\"https:\/\/spkrauszow.ugnowytarg.pl\/index.php\/historia\/#breadcrumb\",\"itemListElement\":[{\"@type\":\"ListItem\",\"position\":1,\"name\":\"Strona g\u0142\u00f3wna\",\"item\":\"https:\/\/spkrauszow.ugnowytarg.pl\/\"},{\"@type\":\"ListItem\",\"position\":2,\"name\":\"Historia\"}]},{\"@type\":\"WebSite\",\"@id\":\"https:\/\/spkrauszow.ugnowytarg.pl\/#website\",\"url\":\"https:\/\/spkrauszow.ugnowytarg.pl\/\",\"name\":\"SP KRAUSZ\u00d3W\",\"description\":\"\",\"potentialAction\":[{\"@type\":\"SearchAction\",\"target\":{\"@type\":\"EntryPoint\",\"urlTemplate\":\"https:\/\/spkrauszow.ugnowytarg.pl\/?s={search_term_string}\"},\"query-input\":\"required name=search_term_string\"}],\"inLanguage\":\"pl-PL\"}]}<\/script>\n<!-- \/ Yoast SEO plugin. -->","yoast_head_json":{"title":"Historia - SP KRAUSZ\u00d3W","robots":{"index":"index","follow":"follow","max-snippet":"max-snippet:-1","max-image-preview":"max-image-preview:large","max-video-preview":"max-video-preview:-1"},"canonical":"https:\/\/spkrauszow.ugnowytarg.pl\/index.php\/historia\/","og_locale":"pl_PL","og_type":"article","og_title":"Historia - SP KRAUSZ\u00d3W","og_description":"Historia szko\u0142y Szko\u0142a Podstawowa w Krauszowie powsta\u0142a na podstawie aktu organizacyjnego C.K. Rady Szkolnej we Lwowie z dnia 5 czerwca 1893 r. Budynek szkolny (tzw. stara szko\u0142a, obecnie ju\u017c rozebrana) zacz\u0119to stawia\u0107 w 1894 r. W tym czasie nauczycielem by\u0142 Czytaj wi\u0119cej ...","og_url":"https:\/\/spkrauszow.ugnowytarg.pl\/index.php\/historia\/","og_site_name":"SP KRAUSZ\u00d3W","article_modified_time":"2021-08-24T12:55:51+00:00","og_image":[{"url":"http:\/\/spkrauszow.ugnowytarg.pl\/wp-content\/uploads\/2021\/08\/Stara-szkola-widok-od-frontu-rok-1960-300x199.jpg"}],"twitter_card":"summary_large_image","twitter_misc":{"Szacowany czas czytania":"4 minuty"},"schema":{"@context":"https:\/\/schema.org","@graph":[{"@type":"WebPage","@id":"https:\/\/spkrauszow.ugnowytarg.pl\/index.php\/historia\/","url":"https:\/\/spkrauszow.ugnowytarg.pl\/index.php\/historia\/","name":"Historia - SP KRAUSZ\u00d3W","isPartOf":{"@id":"https:\/\/spkrauszow.ugnowytarg.pl\/#website"},"datePublished":"2021-08-23T15:34:03+00:00","dateModified":"2021-08-24T12:55:51+00:00","breadcrumb":{"@id":"https:\/\/spkrauszow.ugnowytarg.pl\/index.php\/historia\/#breadcrumb"},"inLanguage":"pl-PL","potentialAction":[{"@type":"ReadAction","target":["https:\/\/spkrauszow.ugnowytarg.pl\/index.php\/historia\/"]}]},{"@type":"BreadcrumbList","@id":"https:\/\/spkrauszow.ugnowytarg.pl\/index.php\/historia\/#breadcrumb","itemListElement":[{"@type":"ListItem","position":1,"name":"Strona g\u0142\u00f3wna","item":"https:\/\/spkrauszow.ugnowytarg.pl\/"},{"@type":"ListItem","position":2,"name":"Historia"}]},{"@type":"WebSite","@id":"https:\/\/spkrauszow.ugnowytarg.pl\/#website","url":"https:\/\/spkrauszow.ugnowytarg.pl\/","name":"SP KRAUSZ\u00d3W","description":"","potentialAction":[{"@type":"SearchAction","target":{"@type":"EntryPoint","urlTemplate":"https:\/\/spkrauszow.ugnowytarg.pl\/?s={search_term_string}"},"query-input":"required name=search_term_string"}],"inLanguage":"pl-PL"}]}},"_links":{"self":[{"href":"https:\/\/spkrauszow.ugnowytarg.pl\/index.php\/wp-json\/wp\/v2\/pages\/113"}],"collection":[{"href":"https:\/\/spkrauszow.ugnowytarg.pl\/index.php\/wp-json\/wp\/v2\/pages"}],"about":[{"href":"https:\/\/spkrauszow.ugnowytarg.pl\/index.php\/wp-json\/wp\/v2\/types\/page"}],"author":[{"embeddable":true,"href":"https:\/\/spkrauszow.ugnowytarg.pl\/index.php\/wp-json\/wp\/v2\/users\/1"}],"replies":[{"embeddable":true,"href":"https:\/\/spkrauszow.ugnowytarg.pl\/index.php\/wp-json\/wp\/v2\/comments?post=113"}],"version-history":[{"count":28,"href":"https:\/\/spkrauszow.ugnowytarg.pl\/index.php\/wp-json\/wp\/v2\/pages\/113\/revisions"}],"predecessor-version":[{"id":377,"href":"https:\/\/spkrauszow.ugnowytarg.pl\/index.php\/wp-json\/wp\/v2\/pages\/113\/revisions\/377"}],"wp:attachment":[{"href":"https:\/\/spkrauszow.ugnowytarg.pl\/index.php\/wp-json\/wp\/v2\/media?parent=113"}],"curies":[{"name":"wp","href":"https:\/\/api.w.org\/{rel}","templated":true}]}}