{"version":"1.0","provider_name":"SP KRAUSZ\u00d3W","provider_url":"https:\/\/spkrauszow.ugnowytarg.pl","author_name":"admin","author_url":"https:\/\/spkrauszow.ugnowytarg.pl\/index.php\/author\/admin\/","title":"Wycieczka klas V i VI do Nowego Targu - SP KRAUSZ\u00d3W","type":"rich","width":600,"height":338,"html":"<blockquote class=\"wp-embedded-content\" data-secret=\"az1iFA6b2R\"><a href=\"https:\/\/spkrauszow.ugnowytarg.pl\/index.php\/2026\/04\/29\/wycieczka-klas-v-i-vi-do-nowego-targu\/\">Wycieczka klas V i VI do Nowego Targu<\/a><\/blockquote><iframe sandbox=\"allow-scripts\" security=\"restricted\" src=\"https:\/\/spkrauszow.ugnowytarg.pl\/index.php\/2026\/04\/29\/wycieczka-klas-v-i-vi-do-nowego-targu\/embed\/#?secret=az1iFA6b2R\" width=\"600\" height=\"338\" title=\"&#8222;Wycieczka klas V i VI do Nowego Targu&#8221; &#8212; SP KRAUSZ\u00d3W\" data-secret=\"az1iFA6b2R\" frameborder=\"0\" marginwidth=\"0\" marginheight=\"0\" scrolling=\"no\" class=\"wp-embedded-content\"><\/iframe><script type=\"text\/javascript\">\n\/*! This file is auto-generated *\/\n!function(c,d){\"use strict\";var e=!1,o=!1;if(d.querySelector)if(c.addEventListener)e=!0;if(c.wp=c.wp||{},c.wp.receiveEmbedMessage);else if(c.wp.receiveEmbedMessage=function(e){var t=e.data;if(!t);else if(!(t.secret||t.message||t.value));else if(\/[^a-zA-Z0-9]\/.test(t.secret));else{for(var r,s,a,i=d.querySelectorAll('iframe[data-secret=\"'+t.secret+'\"]'),n=d.querySelectorAll('blockquote[data-secret=\"'+t.secret+'\"]'),o=new RegExp(\"^https?:$\",\"i\"),l=0;l<n.length;l++)n[l].style.display=\"none\";for(l=0;l<i.length;l++)if(r=i[l],e.source!==r.contentWindow);else{if(r.removeAttribute(\"style\"),\"height\"===t.message){if(1e3<(s=parseInt(t.value,10)))s=1e3;else if(~~s<200)s=200;r.height=s}if(\"link\"===t.message)if(s=d.createElement(\"a\"),a=d.createElement(\"a\"),s.href=r.getAttribute(\"src\"),a.href=t.value,!o.test(a.protocol));else if(a.host===s.host)if(d.activeElement===r)c.top.location.href=t.value}}},e)c.addEventListener(\"message\",c.wp.receiveEmbedMessage,!1),d.addEventListener(\"DOMContentLoaded\",t,!1),c.addEventListener(\"load\",t,!1);function t(){if(o);else{o=!0;for(var e,t,r,s=-1!==navigator.appVersion.indexOf(\"MSIE 10\"),a=!!navigator.userAgent.match(\/Trident.*rv:11\\.\/),i=d.querySelectorAll(\"iframe.wp-embedded-content\"),n=0;n<i.length;n++){if(!(r=(t=i[n]).getAttribute(\"data-secret\")))r=Math.random().toString(36).substr(2,10),t.src+=\"#?secret=\"+r,t.setAttribute(\"data-secret\",r);if(s||a)(e=t.cloneNode(!0)).removeAttribute(\"security\"),t.parentNode.replaceChild(e,t);t.contentWindow.postMessage({message:\"ready\",secret:r},\"*\")}}}}(window,document);\n<\/script>\n","thumbnail_url":"http:\/\/spkrauszow.ugnowytarg.pl\/wp-content\/uploads\/2026\/04\/Wycieczka-klas-5i6-do-Nowego-Targu-2026_2.jpeg","thumbnail_width":1229,"thumbnail_height":553,"description":"23\u00a0kwietnia uczniowie klas V\u00a0i\u00a0VI\u00a0pod\u00a0opiek\u0105 P. Kingi oraz P. Heleny wyruszyli na\u00a0wycieczk\u0119 do\u00a0stolicy Podhala. Pierwszym punktem programu by\u0142 spacer po\u00a0parku miejskim, gdzie dzieci mog\u0142y aktywnie sp\u0119dzi\u0107 czas na\u00a0\u015bwie\u017cym powietrzu, nacieszy\u0107 si\u0119 wiosennym s\u0142o\u0144cem oraz skosztowa\u0107 lod\u00f3w. Kolejnym etapem wyjazdu by\u0142o zwiedzanie Czytaj wi\u0119cej ..."}

SP KRAUSZÓW

Wycieczka klas V i VI do Nowego Targu - SP KRAUSZÓW

<blockquote class="wp-embedded-content" data-secret="az1iFA6b2R"><a href="https://spkrauszow.ugnowytarg.pl/index.php/2026/04/29/wycieczka-klas-v-i-vi-do-nowego-targu/">Wycieczka klas V i VI do Nowego Targu</a></blockquote><iframe sandbox="allow-scripts" security="restricted" src="https://spkrauszow.ugnowytarg.pl/index.php/2026/04/29/wycieczka-klas-v-i-vi-do-nowego-targu/embed/#?secret=az1iFA6b2R" width="600" height="338" title="&#8222;Wycieczka klas V i VI do Nowego Targu&#8221; &#8212; SP KRAUSZÓW" data-secret="az1iFA6b2R" frameborder="0" marginwidth="0" marginheight="0" scrolling="no" class="wp-embedded-content"></iframe><script type="text/javascript">
/*! This file is auto-generated */
!function(c,d){"use strict";var e=!1,o=!1;if(d.querySelector)if(c.addEventListener)e=!0;if(c.wp=c.wp||{},c.wp.receiveEmbedMessage);else if(c.wp.receiveEmbedMessage=function(e){var t=e.data;if(!t);else if(!(t.secret||t.message||t.value));else if(/[^a-zA-Z0-9]/.test(t.secret));else{for(var r,s,a,i=d.querySelectorAll('iframe[data-secret="'+t.secret+'"]'),n=d.querySelectorAll('blockquote[data-secret="'+t.secret+'"]'),o=new RegExp("^https?:$","i"),l=0;l<n.length;l++)n[l].style.display="none";for(l=0;l<i.length;l++)if(r=i[l],e.source!==r.contentWindow);else{if(r.removeAttribute("style"),"height"===t.message){if(1e3<(s=parseInt(t.value,10)))s=1e3;else if(~~s<200)s=200;r.height=s}if("link"===t.message)if(s=d.createElement("a"),a=d.createElement("a"),s.href=r.getAttribute("src"),a.href=t.value,!o.test(a.protocol));else if(a.host===s.host)if(d.activeElement===r)c.top.location.href=t.value}}},e)c.addEventListener("message",c.wp.receiveEmbedMessage,!1),d.addEventListener("DOMContentLoaded",t,!1),c.addEventListener("load",t,!1);function t(){if(o);else{o=!0;for(var e,t,r,s=-1!==navigator.appVersion.indexOf("MSIE 10"),a=!!navigator.userAgent.match(/Trident.*rv:11\./),i=d.querySelectorAll("iframe.wp-embedded-content"),n=0;n<i.length;n++){if(!(r=(t=i[n]).getAttribute("data-secret")))r=Math.random().toString(36).substr(2,10),t.src+="#?secret="+r,t.setAttribute("data-secret",r);if(s||a)(e=t.cloneNode(!0)).removeAttribute("security"),t.parentNode.replaceChild(e,t);t.contentWindow.postMessage({message:"ready",secret:r},"*")}}}}(window,document);
</script>

23 kwietnia uczniowie klas V i VI pod opieką P. Kingi oraz P. Heleny wyruszyli na wycieczkę do stolicy Podhala. Pierwszym punktem programu był spacer po parku miejskim, gdzie dzieci mogły aktywnie spędzić czas na świeżym powietrzu, nacieszyć się wiosennym słońcem oraz skosztować lodów. Kolejnym etapem wyjazdu było zwiedzanie Czytaj więcej ...
